- 32356 = 5*f, -f = 20*c - 18*c - 21588. What are the prime factors of c?
2, 19, 71
List the prime factors of (6011/(-1))/(((-52)/78)/(1*2)).
3, 6011
Let f(h) = 3*h + 28. Let d be f(-8). Suppose -4*k = 3*i - 244, -d*k - 2*i + 179 + 69 = 0. What are the prime factors of k?
2
Let n = 28 + -59. Let y = n - -10. What are the prime factors of (-84)/9*y/2?
2, 7
Let g = -240 + 239. What are the prime factors of (-461)/((-6)/((-6)/g))?
461
Let r(t) = 2*t - 1 - 5 + 4. Let s be r(2). Suppose -s*h - v = -206, -h = 3*v - 0*v - 108. List the prime factors of h.
2, 3, 17
Let y be 121 + 4 + -6 + 1. Let i = 405 - y. What are the prime factors of i?
3, 5, 19
Let k(d) = -d**3 + 77*d + 37. What are the prime factors of k(-20)?
73, 89
Suppose -97 + 313 = 2*v. Let g = v - -448. What are the prime factors of g?
2, 139
Let f be 12/(-18) - 1/((-3)/389). Suppose -135*i + 1134 = -f*i. List the prime factors of i.
3, 7
Suppose -4*l = 3*d - 32742, 3 = -29*l + 30*l. List the prime factors of d.
2, 5, 1091
What are the prime factors of (-20 + (-195732)/(-90))*10/4?
5387
Suppose 123*q - 220*q + 985326 = 0. What are the prime factors of q?
2, 3, 1693
Let t(d) = -1977*d - 1667. What are the prime factors of t(-26)?
5, 7, 29
Let s(c) = 4*c + 12. Let q be s(5). Suppose 0 = 3*r - q - 808. Suppose 37 = -3*d + r. What are the prime factors of d?
3
Let v = -4799 + 7182. List the prime factors of v.
2383
Let c be ((-2)/1)/(-1*(-6 + 7)). Let h be (14/(-21))/(c/(-153)). Let k = h - 8. What are the prime factors of k?
43
Suppose -5*u = 2*w - 10, u - 20 = -0*u - 4*w. Suppose -2*y + 25 - 17 = u. Suppose 0 = -y*i + 602 + 14. What are the prime factors of i?
2, 7, 11
Let f be (-3)/((-6)/107)*-2. Suppose 8*t - 5*t - 5*p - 581 = 0, -2*p - 2 = 0. Let m = f + t. What are the prime factors of m?
5, 17
Suppose -12*v = 141*v + 6*v - 1573146. List the prime factors of v.
2, 3, 17, 97
Let u = -749 - -14758. List the prime factors of u.
14009
Suppose -4*r + 3*l + 5782 = 0, -5*r - 2*l + 7212 = 2*l. Let s be r/(-36) - 2/(-18). List the prime factors of (2 + (s - 3))/(0 - 1).
41
Suppose 0 = -641*v - 581870 + 6727778. List the prime factors of v.
2, 3, 17, 47
Let m be -3 + 378 - (-5 + 2 - -7). Let c = 1356 - m. List the prime factors of c.
5, 197
Let g = -6098 - -12818. Suppose 14*i = -2*i + g. List the prime factors of i.
2, 3, 5, 7
Suppose -4*c + 44*c - 396857 - 126383 = 0. List the prime factors of c.
103, 127
Let k be ((-2 - -2)/(-4))/1. Let b(y) = 9*y + 239. Let r be b(-26). Suppose k = 5*m - 10, -3*z - r*m + 94 = 12. List the prime factors of z.
2, 3
Suppose -4*g + 3*l - 8*l + 1192 = 0, 4*g = l + 1168. Suppose 0 = -2*p + 2 - 0, -3*p = -2*f + g. What are the prime factors of f?
2, 37
Let m(l) = -5*l - 16. Let n be m(-4). Suppose 0 = -3*r - 3, 0 = n*s + 2*r - 120 - 242. What are the prime factors of s?
7, 13
Let o be -84*(6/45 + (-28063)/210). Suppose -19*l - 2*l + o = 0. What are the prime factors of l?
2, 3, 89
Let h = -711 + 6685. What are the prime factors of h?
2, 29, 103
Suppose -9*d - 16 = 11. What are the prime factors of (d - 106/8)/(11/(-220))?
5, 13
Let o be ((-25)/5)/((-23)/3 - -6). Suppose -2*h - o*h - 3831 = -2*y, h = 3*y - 5740. List the prime factors of y.
1913
Suppose 20*b - 1085 = 13*b. Suppose -3546 = -5*t - 3*l, 4*t - 3*l - 4707 = -1881. Suppose -b = -z + 5*k + 81, 4*k + t = 3*z. List the prime factors of z.
2, 59
Let n = -154 + 159. Suppose -n*o + 2291 = 771. List the prime factors of o.
2, 19
Suppose 144077 + 106381 = 13*i. List the prime factors of i.
2, 3, 13, 19
Let d(u) = 20*u**2 - 55*u + 19. Let j(f) = 11*f**2 - 27*f + 10. Let k(m) = -6*d(m) + 11*j(m). List the prime factors of k(12).
2, 67
Let l = 37116 + -21170. List the prime factors of l.
2, 7, 17, 67
Suppose 0 = -5*i - 2*v - v - 1910, 4*i - 4*v = -1560. List the prime factors of (-11890)/(-14) - -5*22/i.
3, 283
Let r = 12 + 79. Suppose 3*j + j - 3*a = 89, -r = -4*j + a. Suppose 889 = 6*z - j. List the prime factors of z.
2, 19
Let l(j) = -4*j**2 - 325*j - 133. What are the prime factors of l(-29)?
2, 3, 13, 19
Let n(t) = 902*t - 4. Let q be n(1). Let v = -737 + q. What are the prime factors of v?
7, 23
Suppose 4590 + 15997 = 5*k + 4*m, -5*k - 2*m = -20591. What are the prime factors of k?
3, 1373
Let b = 680 - -2117. What are the prime factors of b?
2797
Let r(q) = q + 6. Let j be r(-4). Suppose 0*s + j*l - 8 = s, 2*l - 18 = -4*s. List the prime factors of (-312)/s*7/(-14).
2, 3, 13
Suppose 0 = 5*b + 5, 2*z + 90*b - 5274 = 92*b. List the prime factors of z.
2, 659
Let x = 358 - 353. Suppose m - 1364 = -3*l, x*l - 638 - 736 = -m. What are the prime factors of m?
19, 71
Let p be (12/36)/(3/44172). Suppose -9*b + 7*b = 5*l - 1950, -4*l = -5*b + p. What are the prime factors of b?
2, 5, 7
Let f = 46532 + -22516. List the prime factors of f.
2, 19, 79
Suppose 10 = 3*h - 2. Let p be h + (3 + 1 - 8). Suppose -3*d - 4*w + 269 = 0, p = w + 2*w - 15. What are the prime factors of d?
83
Let s(h) = -13*h**3 - 5*h**2 + 104*h + 668. What are the prime factors of s(-15)?
2, 20929
Suppose 5*y = -j + 9591, 0 = -2*j + 18*y - 15*y + 19221. List the prime factors of j.
2, 3, 1601
Suppose 3*m - 7*m + 20554 = 3*u, -3*m = 2*u - 13703. Suppose 8*o - 18*o = -u. What are the prime factors of o?
5, 137
Suppose 2*k + 0*j + 444 = -2*j, -888 = 4*k - 4*j. Let x = -174 - k. List the prime factors of x.
2, 3
Suppose 2*w - 1108 = 5*c, 2*w - c - 1092 = -0*w. Suppose -7*j = -1615 + w. Let y = j - -6. List the prime factors of y.
3, 53
Let w(t) = t**2 - 7*t - 14. Let y be w(8). Let z(s) = -s**2 - 3*s - 14. Let c be z(y). List the prime factors of 3/(-4) - 370*12/c.
2, 3, 23
Suppose -47*r = -205140 - 185759. What are the prime factors of r?
8317
Let r(f) = -6769*f - 241. List the prime factors of r(-8).
11, 13, 29
Let p(g) = -4*g + 32. Let m = 14 + -9. Suppose -m*u - 36 = 4*a - u, 4*a + 42 = -u. List the prime factors of p(a).
2, 19
Let o(z) = 25*z**3 - 14*z**2 - 7*z + 5. Let h be o(4). Let f = h - 489. List the prime factors of f.
2, 3
Suppose -15*c + 54*c = 681174. What are the prime factors of c?
2, 3, 41, 71
Let h be (-4 - ((-370)/(-6))/1)*6. Let t = h + 707. What are the prime factors of t?
313
Let d(l) = -457*l + 1300. List the prime factors of d(-22).
2, 7, 811
Let s be (-3*(-6)/81)/((-4)/36). Let q(t) = 3 + 0 - 2 - 16*t. List the prime factors of q(s).
3, 11
Let j(q) = -q**3 + 10*q**2 + 23*q + 8. Let y be j(10). Suppose -3*c + z - 570 = 0, -3*c + 4*z - y - 341 = 0. Let i = c + 406. List the prime factors of i.
7, 31
What are the prime factors of 16012 + -10 + (-8 - 3)?
15991
Suppose -47*d + 359929 = -2143385. What are the prime factors of d?
2, 3, 11, 269
Let u(k) = -8 - 30 - 37 + 11 + 44*k. List the prime factors of u(16).
2, 5
Let r(c) = -c**3 - 12*c**2 - 18*c - 32. What are the prime factors of r(-12)?
2, 23
Let s(m) = -m + 4. Let f be (-6)/39 + (-164)/(-52). Let q be s(f). List the prime factors of 27 + 1 + (q - 3).
2, 13
Suppose -5*d = -4*p - 150, -207 = 5*p + 3*d - 38. Let q = -4 + p. Let l = q - -126. List the prime factors of l.
3, 29
Let m(h) = 917*h - 25. List the prime factors of m(6).
5477
Let b = -68 + 52. Let z be (-1)/(2/b - (-15)/(-72)). List the prime factors of 15 - -16 - z/1.
2, 7
Suppose -2*j + 1180 = -6*j. Let f be 2 + j/10*-10. Suppose -15*m + 14*m + f = 0. List the prime factors of m.
3, 11
Suppose -11 - 22 = -3*g. Suppose -14 + g = -p. List the prime factors of 8/p*(-1230)/(-40).
2, 41
Let l(m) = -65*m + 1. Suppose 20*n + 47 = -53. List the prime factors of l(n).
2, 163
Suppose 0 = 68*v - 40*v - 49*v + 103488. List the prime factors of v.
2, 7, 11
Let n = 21 - 16. Suppose -n*y + 66 = -564. Suppose -3*l + y = -2*q + 5*q, 4*q + 3*l = 173. List the prime factors of q.
47
Let a = -2434 + 4877. List the prime factors of a.
7, 349
Let p(a) = 22*a**2 - 10*a + 40. Let i be p(5). Suppose b - 852 = 4*j + 85, j + 244 = -3*b. Let y = i + j. What are the prime factors of y?
5, 61
Suppose -23075 + 3006 = -47*r. List the prime factors of r.
7, 61
Suppose -88*s + 23748 = -85*s. List the prime factors of s.
2, 1979
Let z = -121 - -187. Let g = -64 + z. Suppose 38 = 4*y - 5*o, g*o = -1 + 5. What are the prime factors of y?
2, 3
Let d(u) = 3*u + 45. Let f = -1 + -13. Let v be d(f). Suppose 125 + 292 = v*r. What are the prime factors of r